1111010010 (base 2) in base 6?
41225322
Convert 60441 (base 8) to base 16.
6121
Convert 2213421134 (base 5) to base 11.
27a7184
What is -40600377 (base 8) in base 15?
-b48c9b
Convert -1113872 (base 9) to base 5.
-123144301
22111221211211 (base 3) to base 12
1623434
Convert -2220001022220 (base 3) to base 16.
-1770f3
11033 (base 8) to base 10
4635
25055d (base 15) to base 16
1b0e20
-2603143 (base 7) to base 12
-143201
What is 56744 (base 9) in base 3?
1220211111
What is 9e59b4 (base 16) in base 14?
1541d2c
Convert 580d (base 15) to base 16.
4900
What is -383a1 (base 13) in base 3?
-12021112001
1221021210 (base 3) to base 7
216063
Convert -4b9ccb (base 16) to base 11.
-2885024
-212111002220101 (base 3) to base 11
-705529a
Convert -1575417 (base 9) to base 6.
-30442154
Convert 231388 (base 14) to base 4.
10203211230
-882c05 (base 14) to base 6
-242550313
Convert 21711006 (base 8) to base 16.
479206
138d74 (base 14) to base 3
1021102121001
24863032 (base 9) to base 8
56437154
What is -3404284 (base 9) in base 13?
-4c281a
What is -30032111 (base 6) in base 3?
-1120212222121
Convert 154874 (base 12) to base 3.
200022201221
Convert -16bbb8 (base 13) to base 5.
-121200321
Convert 16e5b (base 15) to base 13.
2796b
Convert -255144 (base 12) to base 7.
-5120644
Convert 101101000101011011000 (base 2) to base 16.
168ad8
-12566429 (base 10) to base 3
-212122102220022
Convert -1102302232 (base 4) to base 7.
-2611453
Convert 3380503 (base 10) to base 7.
40506460
What is 34301030 (base 5) in base 7?
2414160
10000212012000 (base 3) to base 14
2dd277
Convert -19d05 (base 15) to base 11.
-58070
Convert 12463267 (base 8) to base 12.
b20133
What is 272b25 (base 12) in base 5?
131213020
-645568 (base 9) to base 7
-3161300
What is -111101110100011110 (base 2) in base 3?
-110212100022
11a167 (base 11) to base 5
22023241
What is -4311490 (base 10) in base 14?
-803358
What is 3395e (base 16) in base 14?
57006
Convert -2a983 (base 15) to base 8.
-413674
Convert -34621132 (base 8) to base 3.
-112012100101112
What is 10212012000212 (base 3) in base 6?
111541552
-111000111111111000 (base 2) to base 16
-38ff8
Convert -2022321323 (base 4) to base 3.
-1001220110102
What is -10011132 (base 5) in base 2?
-10011010001000101
11110210210011 (base 3) to base 9
4423704
Convert 202212210021 (base 3) to base 7.
3331153
Convert -120a0a (base 11) to base 12.
-92a29
What is -4b341 (base 12) in base 14?
-29489
What is -11011001110000010 (base 2) in base 10?
-111490
5d1e60 (base 15) to base 6
235343343
17d77e (base 15) to base 8
4330227
What is 188649 (base 10) in base 13?
67b36
What is -10100100000001111001 (base 2) in base 5?
-132444430
What is 5b5b12 (base 14) in base 7?
35404222
What is 21325 (base 12) in base 14?
11ca9
Convert 3021113 (base 4) to base 12.
755b
What is -11000011000110001001100 (base 2) in base 6?
-345004444
-22445405 (base 6) to base 11
-431a30
Convert 13104325 (base 6) to base 10.
428669
What is -110110001110111000 (base 2) in base 5?
-24102021
-ba6ad (base 15) to base 5
-122422023
Convert 1d759 (base 16) to base 9.
203462
Convert 11101011100011011001 (base 2) to base 6.
32402441
-1110110101010110100101 (base 2) to base 13
-a61c22
85606 (base 11) to base 4
132121203
-1720a0 (base 13) to base 16
-8c900
What is 2ba69c7 (base 13) in base 10?
14038317
Convert -10541332 (base 6) to base 16.
-4f2f8
-10543020 (base 6) to base 4
-1033100310
2242a (base 15) to base 12
53064
What is 5b391 (base 14) in base 2?
110110011100000011
What is be73 (base 16) in base 10?
48755
Convert -190c94 (base 16) to base 14.
-30a388
What is -33540232 (base 6) in base 8?
-3717674
-22b25 (base 13) to base 11
-43702
What is -1386a7 (base 11) in base 12?
-a5329
Convert 1265074 (base 9) to base 7.
5613202
-11774170 (base 8) to base 6
-132051212
What is -2401211 (base 5) in base 2?
-1010101110011011
Convert -d0bb5b (base 15) to base 16.
-973d09
What is -1022110121020 (base 3) in base 8?
-2523353
What is 4adc1 (base 14) in base 3?
100100011012
-164050340 (base 7) to base 9
-23043168
What is 10c0821 (base 13) in base 9?
10651146
What is 164591 (base 10) in base 11?
102729
12498 (base 13) to base 4
20033130
-2224136 (base 8) to base 5
-123201113
2410000 (base 5) to base 13
17276
Convert -101111111010011100000111 (base 2) to base 4.
-233322130013
24205036 (base 8) to base 12
19415ba
-69048 (base 12) to base 14
-3905a
Convert -3cbc4d (base 15) to base 9.
-5448051
What is -fd31 (base 16) in base 14?
-1989b
Convert -171618 (base 11) to base 10.
-265614
3270de (base 16) to base 14
6209b0
What is 28a9237 (base 11) in base 8?
23022371
7103b (base 15) to base 14
94578
What is -3021101122 (base 4) in base 8?
-3112132
2a721 (base 11) to base 4
22213012
What is 233001333 (base 4) in base 8?
570177
166665 (base 8) to base 3
10002110211
-34310235 (base 6) to base 5
-232114101
-278e8 (base 16) to base 6
-3250040
-137b12 (base 12) to base 13
-b4a67
2c208 (base 14) to base 10
110160
Convert -238646 (base 15) to base 4.
-12132303201
a53a82 (base 12) to base 2
1001111010011101000010
What is -423035145 (base 6) in base 3?
-111222010220102
-305482a (base 11) to base 3
-101011001110122
What is -10010011001000100 (base 2) in base 5?
-4402312
What is -1431316 (base 7) in base 2?
-101111000001000111
What is -61352 (base 9) in base 13?
-154c7
What is 46407 (base 8) in base 15?
5c99
-102200010102102 (base 3) to base 2
-10111101010010100010000
-313014303 (base 5) to base 2
-100111100111010011110
1003204423 (base 5) to base 2
111101001111101001111
Convert -169910 (base 12) to base 5.
-44440413
Convert 43955 (base 12) to base 8.
256621
What is -300220323 (base 4) in base 6?
-4134203
-16275 (base 11) to base 2
-101100110100111
3d374 (base 16) to base 5
31010430
What is 1f1d6 (base 16) in base 2?
11111000111010110
-538323 (base 9) to base 6
-10514120
Convert 100001010110101101 (base 2) to base 15.
2a731
564126 (base 10) to base 3
1001122211120
Convert -21830 (base 13) to base 4.
-32310212
Convert -1100001000111001110001 (base 2) to base 13.
-875571
-c90891 (base 14) to base 13
-1541970
Convert d201c (base 15) to base 13.
1a3844
Convert -67523530 (base 8) to base 3.
-1000110100020020
Convert 1101222220120 (base 3) to base 7.
6233301
Convert -3282563 (base 10) to base 3.
-20011202211102
Convert 119597 (base 11) to base 13.
6798c
What is 101010000101101011001001 (base 2) in base 5?
10311031124
-1088685 (base 9) to base 16
-901f4
Convert -2004a9 (base 11) to base 13.
-b3b66
7422838 (base 9) to base 16
3c99da
What is 10000111221122 (base 3) in base 12?
654638
What is -20233001200 (base 4) in base 15?
-3036aa
Convert 36772 (base 13) to base 2.
11000011100101101
689617 (base 12) to base 6
55524031
c86abd (base 14) to base 8
31671637
Convert -82a76 (base 15) to base 5.
-101222421
What is 1230300100 (base 4) in base 6?
13314144
Convert -1010010010101000111000 (base 2) to base 8.
-12225070
-3b205 (base 16) to base 5
-30222211
11012113 (base 4) to base 12
10107
5146487 (base 10) to base 15
6b9d42
5401335 (base 11) to base 4
210100033331
-33718 (base 9) to base 12
-10bb2
Convert -2122205 (base 7) to base 9.
-432438
What is -2d5c7 (base 15) in base 11?
-a0025
What is -155462 (base 11) in base 12?
-b789b
Convert -26602 (base 11) to base 10.
-37996
What is -2148473 (base 9) in base 14?
-2209ad
-366544 (base 9) to base 16
-36094
What is -111111000000000011111 (base 2) in base 9?
-3785754
10000100210121 (base 3) to base 9
3010717
403200 (base 7) to base 2
10000101100000011
Convert -111010010101001010010 (base 2) to base 5.
-442131003
What is 11111111011011000 (base 2) in base 11?
8a288
Convert 1200574 (base 10) to base 14.
233754
Convert -7cc96 (base 15) to base 13.
-10c047
Convert 11606006 (base 8) to base 11.
1498668
What is 43024225 (base 7) in base 3?
20212121112111
What is 2958889 (base 10) in base 6?
143230321
Convert -26005 (base 9) to base 12.
-a165
Convert 9790848 (base 10) to base 15.
cd5ed3
Convert 685c8b (base 13) to base 15.
33b9ee
What is -120122202 (base 3) in base 9?
-16582
What is -6799049 (base 10) in base 16?
-67bec9
c76ebb (base 16) to base 12
44637b7
What is 220030505 (base 7) in base 13?
2967c89
10010110001101011011000 (base 2) to base 5
2230001242
What is 10011111011110100 (base 2) in base 9?
134004
-3b04a (base 15) to base 12